What is the remainder when 3050238 is divided by 3023?
31
Calculate the remainder when 170638 is divided by 15220.
3218
Calculate the remainder when 5456376 is divided by 11415.
6
Calculate the remainder when 172013112 is divided by 1255570.
22
Calculate the remainder when 40195281 is divided by 2966.
49
What is the remainder when 106038 is divided by 50868?
4302
What is the remainder when 418363 is divided by 83670?
13
Calculate the remainder when 2816163 is divided by 97105.
118
Calculate the remainder when 58405 is divided by 28299.
1807
What is the remainder when 686324 is divided by 2742?
824
What is the remainder when 49753208 is divided by 2863?
2857
What is the remainder when 128524 is divided by 8545?
349
What is the remainder when 1787789 is divided by 418?
3
What is the remainder when 41375255 is divided by 26?
25
Calculate the remainder when 14538066 is divided by 141146.
28
What is the remainder when 5229066 is divided by 111?
78
Calculate the remainder when 6408051 is divided by 648.
627
What is the remainder when 23239 is divided by 1049?
161
Calculate the remainder when 53426069 is divided by 6094.
6065
Calculate the remainder when 42351 is divided by 10172.
1663
Calculate the remainder when 1428368 is divided by 476103.
59
Calculate the remainder when 30756 is divided by 1064.
964
What is the remainder when 4964838 is divided by 1241177?
130
Calculate the remainder when 3133930 is divided by 2039.
2026
Calculate the remainder when 52877 is divided by 92.
69
Calculate the remainder when 2472802 is divided by 283.
231
Calculate the remainder when 8425563 is divided by 8425532.
31
Calculate the remainder when 9828657 is divided by 13708.
21
Calculate the remainder when 2094852 is divided by 130924.
68
Calculate the remainder when 64811262 is divided by 1243.
1242
Calculate the remainder when 72188 is divided by 9022.
12
What is the remainder when 76741104 is divided by 38?
28
Calculate the remainder when 636262 is divided by 12472.
190
What is the remainder when 407886 is divided by 50982?
30
What is the remainder when 116724 is divided by 29156?
100
What is the remainder when 107493398 is divided by 528?
518
Calculate the remainder when 605701 is divided by 33648.
37
Calculate the remainder when 2615337 is divided by 210.
207
What is the remainder when 3786796 is divided by 6249?
6151
Calculate the remainder when 1483295 is divided by 18088.
79
Calculate the remainder when 1223406 is divided by 244642.
196
Calculate the remainder when 9802288 is divided by 1779.
1777
Calculate the remainder when 1308336 is divided by 11680.
176
What is the remainder when 1083618 is divided by 9106?
4
What is the remainder when 246876494 is divided by 15?
14
What is the remainder when 313444 is divided by 398?
218
What is the remainder when 887769 is divided by 685?
9
Calculate the remainder when 34809857 is divided by 4760.
4737
Calculate the remainder when 210011 is divided by 41996.
31
What is the remainder when 1185813 is divided by 395257?
42
Calculate the remainder when 2822146 is divided by 126.
124
Calculate the remainder when 328169 is divided by 43.
36
What is the remainder when 205848509 is divided by 2330?
2329
What is the remainder when 407175744 is divided by 5?
4
What is the remainder when 5613021 is divided by 5612270?
751
Calculate the remainder when 567402 is divided by 720.
42
What is the remainder when 65241 is divided by 6523?
11
What is the remainder when 376556225 is divided by 68652?
5
Calculate the remainder when 1679745 is divided by 2056.
2049
What is the remainder when 1039136 is divided by 115?
111
Calculate the remainder when 1058741 is divided by 2445.
56
What is the remainder when 453257 is divided by 151041?
134
Calculate the remainder when 42576 is divided by 338.
326
What is the remainder when 259646 is divided by 10808?
254
Calculate the remainder when 4969579 is divided by 6090.
139
Calculate the remainder when 1546100 is divided by 1001.
556
Calculate the remainder when 104980 is divided by 34924.
208
Calculate the remainder when 2285413 is divided by 2285370.
43
What is the remainder when 21164194 is divided by 3649?
3643
What is the remainder when 9662822 is divided by 566?
70
What is the remainder when 7639949 is divided by 3819968?
13
Calculate the remainder when 5676736 is divided by 9156.
16
Calculate the remainder when 32547807 is divided by 2958891.
6
What is the remainder when 151375 is divided by 1412?
291
What is the remainder when 8901 is divided by 3441?
2019
Calculate the remainder when 5769224 is divided by 1683.
1583
Calculate the remainder when 158097427 is divided by 4.
3
Calculate the remainder when 448069 is divided by 224033.
3
What is the remainder when 738127 is divided by 184526?
23
Calculate the remainder when 244091120 is divided by 391.
377
What is the remainder when 4577 is divided by 439?
187
What is the remainder when 48975811 is divided by 2929?
2
Calculate the remainder when 916510 is divided by 238.
210
Calculate the remainder when 79549 is divided by 2706.
1075
Calculate the remainder when 273083 is divided by 4218.
3131
What is the remainder when 244533 is divided by 121954?
625
Calculate the remainder when 39230 is divided by 922.
506
Calculate the remainder when 637522 is divided by 38.
34
Calculate the remainder when 331053 is divided by 66196.
73
What is the remainder when 752393615 is divided by 53?
50
What is the remainder when 416742 is divided by 2688?
102
Calculate the remainder when 239789 is divided by 3484.
2877
What is the remainder when 1675731 is divided by 3455?
56
What is the remainder when 122645 is divided by 20400?
245
What is the remainder when 100687 is divided by 154?
125
What is the remainder when 15977424 is divided by 210?
204
Calculate the remainder when 1146097 is divided by 407.
392
What is the remainder when 1241889 is divided by 620936?
17
What is the remainder when 194823 is divided by 194643?
180
Calculate the remainder when 52503 is divided by 26057.
389
Calculate the remainder when 207753941 is divided by 743.
739
What is the remainder when 14363348 is divided by 26?
12
Calculate the remainder when 26039787 is divided by 22663.
0
Calculate the remainder when 578157 is divided by 3011.
45
What is the remainder when 1497243 is divided by 432?
363
Calculate the remainder when 36763893 is divided by 18381944.
5
What is the remainder when 144066 is divided by 4247?
3915
Calculate the remainder when 373330260 is divided by 2386.
2384
What is the remainder when 56178594 is divided by 129?
126
Calculate the remainder when 52824728 is divided by 13206181.
4
What is the remainder when 220606786 is divided by 110303390?
6
What is the remainder when 8404434 is divided by 75?
9
Calculate the remainder when 2013225 is divided by 125.
100
What is the remainder when 1036306 is divided by 345427?
25
Calculate the remainder when 1137662 is divided by 89.
64
Calculate the remainder when 483325 is divided by 160629.
1438
Calculate the remainder when 10606279 is divided by 12290.
9
Calculate the remainder when 28183 is divided by 27940.
243
What is the remainder when 42830449 is divided by 50?
49
What is the remainder when 510107 is divided by 85005?
77
What is the remainder when 14470876 is divided by 9?
1
What is the remainder when 70090 is divided by 69591?
499
What is the remainder when 2581743 is divided by 67936?
175
What is the remainder when 6376178 is divided by 23?
3
Calculate the remainder when 11740485 is divided by 123584.
5
What is the remainder when 2533679 is divided by 3?
2
What is the remainder when 13012569 is divided by 40920?
9
Calculate the remainder when 60659 is divided by 295.
184
What is the remainder when 1107304 is divided by 1107298?
6
Calculate the remainder when 31543877 is divided by 3064.
3061
What is the remainder when 63864 is divided by 528?
504
What is the remainder when 9571367 is divided by 42?
29
What is the remainder when 835409 is divided by 73?
70
Calculate the remainder when 257582 is divided by 16050.
782
What is the remainder when 729608 is divided by 1489?
1487
What is the remainder when 415013 is divided by 2859?
458
What is the remainder when 376207 is divided by 3058?
73
Calculate the remainder when 1668735